at is the remainder when 29 is divided by y?
14
Suppose -11*x = -6*x - 410. Calculate the remainder when x is divided by 28.
26
Suppose -25 = -8*x + 3*x. Suppose 0 = -x*g + g + 144. Calculate the remainder when g is divided by 10.
6
Suppose -m + 9 = -3*o, 5*m = -4*o + 96 - 32. Suppose 0*r - 136 = -4*r. Calculate the remainder when r is divided by m.
10
Suppose 0 = 4*p - 5*m + 44 - 4, -3*p = -2*m + 37. Let s = p + 44. Suppose -8*k - 10 = -9*k. What is the remainder when s is divided by k?
9
What is the remainder when 25 is divided by ((-2 + 4)*-8)/(-2)?
1
Let r(a) = 2*a**2 - a + 7. Calculate the remainder when 63 is divided by r(3).
19
Let t = 121 - 212. Let f = -48 - t. Calculate the remainder when f is divided by 15.
13
Suppose 9 = 2*g - 3*w, 0*g - g + w + 5 = 0. Calculate the remainder when 15 is divided by g.
3
Suppose 2 = -3*n + 4*b - 0, b + 1 = n. What is the remainder when 8 is divided by n?
2
Let g be (10/8)/((-2)/(-8)). Suppose 0 = z - s + 3*s - 16, 0 = g*z - 3*s - 41. What is the remainder when z is divided by 6?
4
Let q = -26 + 44. Calculate the remainder when 70 is divided by q.
16
Let y(l) = -l**2 - 19*l - 30. What is the remainder when 86 is divided by y(-15)?
26
Let f = -54 - -97. Calculate the remainder when f is divided by 11.
10
Suppose 4*d + 3*g + 49 = 0, 0*d = -3*d - 3*g - 33. What is the remainder when (d/(-4))/((-1)/(-8)) is divided by 11?
10
Let g(h) = 5*h**3 + h - 1. Let n be g(1). Let x(k) = 14*k**2. Let r be x(-1). Suppose -3*b = -n*b + r. Calculate the remainder when b is divided by 3.
1
Let o(q) = -8*q - 2. Suppose 10*k - 4*p = 12*k - 28, -5*p = 5*k - 75. What is the remainder when o(-6) is divided by k?
14
Suppose 5*f = 15, -2*f + 10 = -r + 34. Calculate the remainder when r is divided by 7 + (2 + 0 - 1).
6
Let v be 1 + 3 + -3 + 1. Let x(k) = 7*k**2 - 2*k + 2. Let y = 14 - 5. What is the remainder when x(v) is divided by y?
8
Suppose 5*m = 2*h + 68, 9 = m - 2*h - 3*h. Let c(w) = w**3 + 5*w**2 + 3*w. Calculate the remainder when m is divided by c(-4).
2
Let d(x) = -7*x + 19. What is the remainder when d(-19) is divided by 51?
50
Let p = 9 - 4. Suppose -p*m = -3*i - 21, -m + i = 4*i + 3. Suppose 24 = m*d - 0*d. Calculate the remainder when d is divided by 5.
3
Let w be 1/3*(1 - 1). Suppose w = -0*a + 2*a - 96. Calculate the remainder when a is divided by 17.
14
Let u(i) = 11*i - 3 - 3 + 0 - i**2. Suppose 14 = w + 4. Calculate the remainder when u(8) is divided by w.
8
Let v(t) = -t**2 + 9*t + 3. Let b be v(10). Calculate the remainder when b/(42/(-104))*3 is divided by 18.
16
Suppose 5*s = 2*s + 12, 3*f = -3*s + 42. Calculate the remainder when 16 is divided by f.
6
Let r(w) = 4 - w**2 + w**3 + 4 - 3*w**2 - 5 + w. Calculate the remainder when 26 is divided by r(4).
5
Let t = -58 - -120. What is the remainder when t is divided by 9?
8
Let b(j) = -j + 7. Suppose -2*h = h + 5*m + 8, 0 = -3*h + m + 16. Calculate the remainder when 9 is divided by b(h).
0
Suppose 0 = 4*x + x + 5*m - 20, 4*x - 16 = -m. Let u(i) = 8*i + 2*i**3 - i**3 - 8 - 7*i**2 + i. What is the remainder when u(6) is divided by x?
2
Suppose 4*a - 519 = 3*m, -5*m + 2*m - 651 = -5*a. Calculate the remainder when a is divided by 45.
42
Suppose 4*x - 3*x - 77 = 0. Suppose 0 = 5*t - 23 - x. What is the remainder when t is divided by 7?
6
Let b = 156 - 91. Suppose 5*r - 2*z - b = 0, -2*r + 70 = 3*r - 3*z. Calculate the remainder when r is divided by 3.
2
Suppose -3*d = -w - 4*d + 4, -w = 4*d - 1. What is the remainder when 22 is divided by w?
2
Let z = 48 - 84. Let s = 53 + z. What is the remainder when 32 is divided by s?
15
Let f(z) = -19*z**2 - z + 1. Let c be f(1). Suppose -4*n + 11 + 9 = 0, 145 = 5*r + n. Let b = r + c. What is the remainder when 25 is divided by b?
7
Let y = -34 - -41. What is the remainder when 13 is divided by y?
6
Suppose -5*c + 21 = -59. What is the remainder when 31 is divided by c?
15
Let m = 8 + -6. Suppose m*f = 2*z + 10, -37 = -5*f + 2*z - 6. Let n(i) = 5*i**3 - 2*i**2 + 1. Calculate the remainder when f is divided by n(1).
3
Suppose 0*g - 40 = -3*g - 5*n, 4*n - 38 = -3*g. Let p(k) = 17*k**3 + 1. Calculate the remainder when p(1) is divided by g.
8
Suppose 0 = -5*p + 103 + 32. Let u = -35 + 23. Let g = u + p. What is the remainder when 43 is divided by g?
13
Let c(y) = 6*y**3 + 7*y**2 - 3*y**3 + 7 - 2 - 2*y**3. Suppose -68 = -4*w - 0*w. What is the remainder when w is divided by c(-7)?
2
Suppose -21 = z - 31. What is the remainder when 49 is divided by z?
9
Let p = -9 + 2. Let k(n) = n**3 + 8*n**2 - 10*n + 3. Let o be k(p). What is the remainder when (-2)/(-7) - o/(-14) is divided by 6?
3
Suppose 0 = -5*o - v + 113, 5*v = 5*o + 3*v - 104. Suppose 3*k = -4*i + 5*k + o, 0 = 5*i - 3*k - 26. Calculate the remainder when i is divided by 4.
3
Let s = -46 - -52. Calculate the remainder when 22 is divided by s.
4
Suppose -g = -3 - 2. Let o = 11 - 8. What is the remainder when g is divided by o?
2
Suppose -4*x + 55 + 5 = 0. Suppose 8*s - 264 = 2*s. What is the remainder when s is divided by x?
14
Let j(h) = h**3 - h**2 - h + 29. What is the remainder when 56 is divided by j(0)?
27
Suppose 4*l = 4*h + 96, -l - 3*h - 28 = -2*l. Calculate the remainder when 41 is divided by l.
19
Let g = 13 - -11. Calculate the remainder when 92 is divided by g.
20
Suppose -f + 19 - 2 = 0. Let q(w) = w. Calculate the remainder when f is divided by q(9).
8
Let g = -4 - -7. Suppose -2*l = -g*t + 15, 2*t - 5 - 6 = l. Let a = -23 - -43. What is the remainder when a is divided by t?
6
Let s(p) = -p**3 - 4*p**2 - p**2 + 2*p**2 + 4*p. Let l be s(-4). Suppose -3*v = -n - v, l = -n - v + 12. Calculate the remainder when 30 is divided by n.
6
Let k(h) = -h + 31. What is the remainder when 47 is divided by k(23)?
7
Let p = 28 + -13. What is the remainder when 55 is divided by p?
10
Suppose 2*d - 133 = -5*s, -2*d - 3*s = d - 195. What is the remainder when 445 is divided by d?
61
Let r(h) = -h**3 + 6*h**2 + 11*h + 5. What is the remainder when r(6) is divided by 18?
17
Calculate the remainder when ((-2)/4)/((-12)/288) is divided by 8.
4
Let i(c) = 91*c**2 + 6*c. Let g(s) = -18*s**2 - s. Let a(r) = -11*g(r) - 2*i(r). Let h = -58 - -57. Calculate the remainder when a(h) is divided by 6.
5
Suppose 4*v + 0 = -4. What is the remainder when v*((-18)/3 + -1) is divided by 3?
1
Let y be (-6)/(-4)*(-16)/(-12). Suppose 0 = -4*n + 5*j + 57, 5*j = -5*n + y*j + 25. Suppose -2*a - n = -30. Calculate the remainder when 32 is divided by a.
10
Let q be (2/5)/((-3)/345). Let n = -22 - q. What is the remainder when 70 is divided by n?
22
Calculate the remainder when 74 is divided by ((-18)/27)/(1/(-57)).
36
Suppose 6*h = 4*h + 14. What is the remainder when 5/(11/5 + -2) is divided by h?
4
Suppose -j + 21 = 4*r, -2 = -3*r - 17. Let w be (-87)/(-12) + 3/4. Suppose 2*z + w = 30. What is the remainder when j is divided by z?
8
What is the remainder when 19 is divided by 6/(-3)*(-5)/2?
4
Let o(p) = p**3 - 7*p**2 - p. Let g be o(7). Let b = 30 - g. What is the remainder when b is divided by 3/(-2)*100/(-15)?
7
Let q = -44 + 63. What is the remainder when 55 is divided by q?
17
Let f = 60 + -43. Let u = -34 + 43. What is the remainder when f is divided by u?
8
Let l be ((-1)/3)/(3/(-99)). Suppose q + 2*u = l, -3*q + u = 6*u - 34. Calculate the remainder when 49 is divided by q.
10
Suppose -2*c + 8 = 5*a - 29, 0 = -5*c - a + 81. Let o(k) = -2*k + 5. What is the remainder when c is divided by o(-2)?
7
Let g = -183 - -193. What is the remainder when g is divided by (8/2)/2 - -1?
1
Suppose -2*r - 3*a = -0*a - 40, r + 3*a = 20. Calculate the remainder when 54 is divided by r.
14
Let d = 30 + -13. Suppose -2*i + 15 = 2*y + i, 5*y - 72 = 4*i. Suppose 5*t - 238 - y = 0. What is the remainder when t is divided by d?
16
Let c(s) = 23*s**2 + 2*s + 2. Calculate the remainder when c(-1) is divided by 6.
5
Suppose 2*a + 2*a - 24 = 0. Suppose 0 = -42*r + 43*r - 36. Calculate the remainder when r is divided by 2*a + (2 - 1).
10
Let z = -78 + 132. Calculate the remainder when z is divided by 19.
16
What is the remainder when (2 - 4)/(-3 + (-14)/(-5)) is divided by 7?
3
Let q be 8/(-10)*55/(-2). Suppose -5*r - 3 = q. What is the remainder when 11 is divided by (5/2)/r*-12?
5
Let q = 3 - 3. Suppose -v + 23 + 